pose -4*o = -4*n - b, o - 8 = -o. Let f(z) = 4 + z - 3*z + z. Calculate f(n).
4
Let f(y) be the first derivative of -y**4/4 - y**3 - y**2 - 5. Give f(-3).
6
Let x(o) = o**3 - 4*o**2 + 4*o - 2. Let u be x(3). Let v(z) = -z + 2. Let g be v(u). Let l(c) = 5 - 4 - 6*c + c. Give l(g).
-4
Let p(x) = x**3 + 11*x**2 + 5. Let q be p(-11). Let b = 6 - q. Let y(d) = 5*d - 8*d**3 - 2*d**2 + 1 - 2*d - 3*d. Determine y(b).
-9
Let g(f) = 3*f**2 - 3*f + 4. Let t(h) = 7*h**2 - 5*h**2 - 8*h + 13 + 8*h**2. Let m(q) = -7*g(q) + 2*t(q). Let o = -49 - -53. What is m(o)?
2
Let o be ((-1)/(-2))/((-1)/(-2)). Let w = 15 + -14. Let s = o - w. Let q(y) = y + 2. Determine q(s).
2
Let q(s) = -s + 1. Let b(h) = 2*h - 2. Let t(k) = -3*b(k) - 5*q(k). Give t(-7).
8
Let v = -113 + 107. Let x(o) = -5*o - 5. Let k(m) = 2*m + 2. Let i(w) = -8*k(w) - 3*x(w). Give i(v).
5
Let q = 6 - 11. Let l(r) = -3*r + 6. Let p(m) = -2*m + 4. Let o(d) = q*l(d) + 7*p(d). Calculate o(5).
3
Let f(j) = j**2 + 10*j - 12. Suppose 0 = -3*u + v - 37, 2*v = 2*u - 3*u - 10. Give f(u).
12
Suppose -3 = -x + 1. Let b(h) = -5*h - 2*h**3 + x*h**3 - 3*h**3 + 6*h**2 - 4. Let u(k) = -k**3 + 10*k**2 - 7*k - 13. Let a be u(9). Determine b(a).
-4
Let u(x) = 2*x**2 + 13 - 5 - 8 - x. Calculate u(3).
15
Suppose 0 = -l + 5. Let m(x) = 2*x**3 + 3*x**2 + 3*x + 11. Let k(t) = -t**3 - 2*t**2 - 2*t - 6. Let q(u) = 11*k(u) + 6*m(u). Determine q(l).
5
Let u(z) = 2*z**2 + 9*z. Let c(b) = -b**2 - b. Let o(y) = 3*c(y) + u(y). What is o(5)?
5
Let k(p) be the third derivative of -p**5/60 - 5*p**4/24 + 7*p**3/6 - 2*p**2. Let j be -4*3/(12/5). Give k(j).
7
Let h(p) = -p**3 + 2*p**2 + 3*p - 2. Let z be (12 - 4)/((-1)/2). Let g = z + 22. Let f(s) = -s + 8. Let l be f(g). What is h(l)?
4
Suppose -o = o - 2. Let d(s) = -7*s - 1. Let b(l) = -13*l - 2. Let z(p) = -4*b(p) + 7*d(p). What is z(o)?
4
Suppose -r + 44 = 3*r. Suppose 3*t - r = 4*b, -5 = -2*b + 2*t - 13. Let n be (-5 + 4 + -2)/b. Let m(o) = o**3 + 3*o**2 + 4*o + 3. Calculate m(n).
-9
Let p be ((-38)/(-4))/((-2)/(-4)). Suppose -5*w = a + 18, 3*a - 5*w - p = 7. Let f(d) = -2*d**2 - d**2 + d**2 - 25 + 3*d + 22. Determine f(a).
-5
Suppose -4*k = -9*k + 10. Let i(r) = -2*r**k - 5*r**3 + 2 + 3*r + 3*r**3 - r. What is i(-2)?
6
Let m(x) = 5*x**2 + 35*x - 6. Let a(k) = -k**2 - 7*k + 1. Let s(q) = 11*a(q) + 2*m(q). Calculate s(-7).
-1
Let u(g) = -g**2 + 33*g - 205. Let w be u(25). Let j(z) = -2*z + 4*z + 2*z + z**2. Calculate j(w).
5
Suppose -3*v - 14 = -5*y, y - 2 = 2*v - v. Let t(s) = s**2 - 2*s + 2. Calculate t(v).
2
Let y(t) = t**2 + 7*t - 5. Let z be y(-8). Let r(l) be the second derivative of 0 + 1/6*l**z - 1/20*l**5 + 1/2*l**2 + 1/6*l**4 + 2*l. What is r(2)?
3
Let u = -6 + 8. Let x(l) = -1 + l - u + 1. Suppose -k - 2*m = 3, m + 5 = k - 1. Calculate x(k).
1
Let x(y) = -y + 8 - 22 + 11 + 6. Calculate x(-7).
10
Let m(j) = -j + 5. Let a(i) = 6*i - 25. Let g(p) = -2*a(p) - 11*m(p). Determine g(-6).
1
Let c(g) = 5*g**2 - g - 2. Let p(o) = o**2 + o - 1. Let l = 0 - -1. Suppose -5*q - 13 - 7 = 0. Let v(k) = l*c(k) + q*p(k). Calculate v(2).
-4
Let r(b) = 2*b**2 - b - 1. Let g be 2 - (3*-4)/4. Suppose 0 = -3*o - g + 11. What is r(o)?
5
Suppose 0 = -2*w + 3 - 13. Let h(d) = -d. Calculate h(w).
5
Let a(q) = 5*q**3 - q + 4. Let c(m) = -4*m**3 + m - 3. Let w(k) = 5*a(k) + 6*c(k). Give w(0).
2
Let k(w) = 1 + 6*w - w - w. Let g be 17/9 - 14/(-126). Give k(g).
9
Let r(u) be the second derivative of -u**5/20 - u**4/3 + u**3/6 + 44*u. Give r(-3).
-12
Let c(n) = -2*n**3 + 3*n**2 + 2*n + 4. Suppose -3 = 8*b - 9*b. What is c(b)?
-17
Let m(b) = -b - 2. Let y = -59 + 66. Calculate m(y).
-9
Let g = -1 - 2. Let p(b) = -b - 3. Let k(c) = c + 2. Let h(t) = g*k(t) - 4*p(t). Let l be h(-5). Let n(f) = -9*f**3 + f**2 - f + 1. What is n(l)?
-8
Let x(s) = 5. Let l(o) = o - 1. Let n(v) = -2*l(v) - x(v). What is n(-4)?
5
Suppose 5*s + 17 + 13 = 0. Let a(w) = w**3 + 5*w**2 - 7*w - 4. Give a(s).
2
Let u(f) = -2*f - 1. Suppose 0*g = -g - 3. Calculate u(g).
5
Let w(i) = -i**3 + 6*i**2 - 4*i - 2. Let f(k) = -k**3 + 10*k**2 - 7*k + 4. Let c be f(9). Suppose 7 = -3*n + c. Give w(n).
3
Suppose -4*k + 12 = -8*k, 5*y = -k - 8. Let b(l) = -l. Let h(a) = 4*a + 6. Let s(x) = y*h(x) - 3*b(x). Let t be s(-6). Let v(r) = r**2 + 1. What is v(t)?
1
Let t(h) = 0*h + 2*h + 7 + 0*h. Let k(m) = -3*m - 6. Let w(i) = -6*k(i) - 5*t(i). Suppose 2*p = 5*s + 3, -s - 11 = -p - 2*p. Give w(s).
9
Let h(x) be the second derivative of -x**4/6 - x**3/3 + x**2/2 - 9*x. What is h(1)?
-3
Let m(i) = -6 - 5*i + 2*i + i**2 + 8*i. Give m(-5).
-6
Let u = -11 + 18. Let w = -2 + u. Let a(g) = g**3 + 0*g**3 - 4*g**2 + 7 - 3 - 6*g. Calculate a(w).
-1
Let g(n) be the first derivative of -1 + 5*n + 1/2*n**2. Give g(-5).
0
Let j(z) be the third derivative of -z**7/420 + z**6/720 + z**4/4 + 6*z**2. Let f(n) be the second derivative of j(n). Calculate f(1).
-5
Let b(n) = -n**2 + n + 10. Let u be 1*0/(2 + 0). Give b(u).
10
Let k(y) = 2*y**2 + y**3 + 4*y**2 - 3*y**3 + 3*y**3 - 3 + 6*y. Let r be 4 - 2 - (-7)/(-1). Give k(r).
-8
Let y(r) = -11*r**3 + r + 1. Let o(i) = -i**3 + i**2 + 2*i - 1. Let h be o(2). Give y(h).
11
Let z(m) be the first derivative of -1/2*m**2 + 1/3*m**3 + 1 - 5*m. Determine z(4).
7
Let n(i) = -i. Suppose 0 = c + 2*k + 4, 4*c = -0*c + 4*k + 44. Calculate n(c).
-6
Let a(x) = 5*x - 23. Let w be a(5). Let b(y) = -y**3 - y**2 + 4*y - 3. Determine b(w).
-7
Suppose -6*d + d = -15. Suppose -d = 3*n - 0. Let a(i) = i**2 - 5*i - 4. Let h(p) = 3*p**2 - 11*p - 9. Let u(v) = -7*a(v) + 3*h(v). Give u(n).
1
Let u = -2 - -3. Suppose -2*g + u = -7. Let p(m) = 3*m - 4. Calculate p(g).
8
Suppose 15 = -q - 4*t, 13 = 4*t + 33. Let l(z) be the second derivative of z**5/20 - z**4/2 + z**3 + 2*z**2 + 8*z. Determine l(q).
9
Let b(r) = r + 3. Let a be b(-3). Let m(n) = n + 12. Give m(a).
12
Let x(d) be the second derivative of d**5/20 - d**3/3 - d**2 + 5*d. Give x(-2).
-6
Let d(o) be the first derivative of -o**4/4 - 2*o**3 - o**2/2 - 2*o + 42. Determine d(-6).
4
Suppose 3*h - 2*y + 7 + 8 = 0, -2*y - 6 = 4*h. Let t(a) be the third derivative of a**6/120 + a**5/20 + a**4/12 - a**3/2 - a**2. Determine t(h).
-9
Let b(o) = -o**3 - 2*o**2 - o + 1. Let f(t) = -2*t - 2. Let u be f(-3). Suppose -z + u = -3*z. Give b(z).
3
Let g(p) = -2*p**2 + p. Suppose 7*c = -2 + 16. Calculate g(c).
-6
Let f(h) be the third derivative of -h**5/60 + 5*h**4/24 - h**3/3 - h**2. Let q be 1/3 + (-70)/(-6). Let b = q + -8. Give f(b).
2
Let s = -21 - -22. Let a(w) = 10*w**3 - 2*w + 1. Calculate a(s).
9
Let f(w) = -3 + 14*w**3 - 3*w - 24*w**3 + 11*w**3. What is f(-2)?
-5
Let d(c) = -13*c - 28. Let p(t) = 4*t + 9. Let j(h) = -2*d(h) - 7*p(h). Let g be 2 + -9 + 1/1. Give j(g).
5
Let l be 59/4 + (-2)/(-8). Suppose 4*y + 6*q = 3*q + l, y + 2 = 5*q. Let i(k) = -4 + 4*k**2 - 3*k**2 - y*k - 3 + 6. What is i(4)?
3
Let g(l) = l - 1. Let a(n) = -7*n**2 - 2*n + 2. Let h be (-1)/1 - (1 - 4). Let i be a(h). Let x be (-12)/(-10)*i/(-9). Determine g(x).
3
Let i = 10 + 0. Let t(x) = -13 - x - 5 + i. Determine t(-5).
-3
Suppose 0 = 5*h + 3*w + 22, w - 11 = -2*h + 4*h. Let i(p) = p**3 + p**2 - p. Let u(t) = 3*t**3 + 2*t + 7. Let j(z) = 4*i(z) - u(z). Determine j(h).
-2
Let b = 105 + -99. Let i(c) = c + 6. Determine i(b).
12
Let l(g) be the third derivative of -g**4/12 - 5*g**3/3 - 46*g**2. What is l(-7)?
4
Let f(v) = 4*v**2 + 13*v - 17*v - 3*v**2 - 2. Give f(3).
-5
Let a(k) = -2*k**2 - 4*k**2 + 2*k**2 + 6 + 3*k**2 + 4*k. Suppose -4*d + 9 + 15 = 0. Determine a(d).
-6
Let q(x) = -11*x + 2. Let n(c) = 21*c - 4. Let s(a) = a**2 + 7*a - 22. Let h be s(-9). Let z(g) = h*n(g) - 7*q(g). Give z(2).
-12
Let p(b) = b**2 - 14*b - 16. Let j be p(15). Let m(w) be the first derivative of -7*w**4/4 + w**3/3 + w**2/2 + 1. Calculate m(j).
7
Let m(o) = -6*o**3 + o. Let j(f) = -f**3 - 5*f**2 - 2*f - 1. Let a be j(-5). Let l be (6 - a)*(-1)/3. Determine m(l).
-5
Let h(m) = -2*m - 5. Let i = -10 + 14. Suppose -10 = i*k + 2*v, -2*k + 4 + 11 = 5*v. Determine h(k).
5
Let x(g) = -g + 1. Suppose -2*n - 18 + 16 = 0. Determine x(n).
2
Let h(c) = -2 + c**2 - 3 + 4 + 0 - c. Let q be 4/1*(-3 + 4). Let l(k) = -k + 2. Let x be l(q). Calculate h(x).
5
Let i = 6 + -2. Suppose -i = 3*d + 8. Let q(l) = 4*l + l**2 + 0*l - 2 + 4. Give q(d).
2
Let u(v) be the 